t is the tens digit of n?
0
Suppose -3166 - 914 = -8*q. What is the units digit of q?
0
Let s be 2*(108/(-8))/9. Let z be (s - -5) + (-1 - -2). Suppose -4*y + 9*y = z*o + 1, 2*y = -3*o + 13. What is the units digit of o?
3
Suppose 104*d + 2970 = 109*d. Suppose -2*i + 8*i = d. What is the units digit of i?
9
Let c = -86 + 620. What is the hundreds digit of c?
5
Let i(j) = -2*j**3 + 4*j**2 - 4. Let f be i(2). What is the tens digit of (121 - (-6)/(-3)) + f?
1
Suppose 65*j - 715 = 60*j. What is the tens digit of j?
4
Let q = -670 - -965. What is the tens digit of q?
9
Suppose -2*s + 14 = 5*k - 10, -3*s - 3*k + 18 = 0. Suppose -5*n + 3*n = q - 48, -n = -s. What is the tens digit of q?
4
Let l = 65 - 35. Suppose -l = 3*v - 5*v. Let q = v + -14. What is the units digit of q?
1
Let o = 336 + 177. What is the tens digit of o?
1
Let r = 709 + -465. What is the tens digit of r?
4
What is the units digit of 2766*-11*8/(-264)?
2
Let b = -42 - -44. Suppose 0 = -p - b*q - 2*q + 14, 2*p + 5*q - 34 = 0. What is the units digit of p?
2
Suppose -309*u + 302*u = -4795. What is the tens digit of u?
8
Suppose -i = -6 + 2. Suppose -2*b - i*a + 92 = 0, 142 = 4*b + 5*a - 33. Suppose b = -4*v + 9*v. What is the units digit of v?
8
Let o(a) be the first derivative of 4*a**3/3 - 2*a**2 - a + 4. Let h be o(3). Let n = h + -14. What is the units digit of n?
9
Let q(n) = -11*n**3 + 9*n**2 + 19*n + 24. What is the units digit of q(-5)?
9
Let a = 229 + -159. Let q = a - -37. What is the units digit of q?
7
Let h(x) = -17*x**3 - 4*x**2 - 6*x - 6. What is the hundreds digit of h(-2)?
1
Let z = 16 - 13. What is the units digit of (-3 - (-8)/z) + 44/6?
7
Suppose 4*u = f - 13, 5 = -2*f + 3*u + 21. Suppose 5*g + 4*o = 329, 0 = f*o - 5. What is the tens digit of g?
6
Let s(v) = -v**3 + 5*v**2 + 4*v + 8. What is the units digit of s(3)?
8
Let a be (-4)/(-16)*102*2. Let b = 11 + a. What is the units digit of b?
2
Let y = -18 + 16. Let a be (-4)/y + 113 + -6. Suppose 0 = 5*j - 3*t - a, -t - 23 = 3*j - 4*j. What is the units digit of j?
0
Suppose 0*x - x + 5 = 0. Let h be (-3 + -2)/20*-8. Suppose x*j - 179 = h*d, 2*j - 4*d - 2 - 60 = 0. What is the tens digit of j?
3
What is the tens digit of -1 + (165 - -2)*2?
3
Suppose -6*f = 1 - 55. Suppose 0 = -c + 5*a + 10, 2*c - 4*a - 5 = f. Suppose 106 = c*n - 39. What is the units digit of n?
9
Let l = 6 - 11. Let h(k) = -k**2 - 6*k - 3. Let c be h(l). Suppose -n = c*g - 105 + 34, -g + n + 28 = 0. What is the tens digit of g?
3
Suppose 4*n + 4*s = 44, -3*n - 27 + 90 = -3*s. Let y = 122 - n. What is the hundreds digit of y?
1
Let j(m) = 8*m**3 - m**2 - m + 3. What is the units digit of j(2)?
1
Let m(v) = v**3 + 4*v**2 - 7*v - 2. Let g be m(-5). Suppose -6*r = -4*r - g. Suppose 5*u + 2 = 3*y - r, 10 = 5*y + 3*u. What is the units digit of y?
2
Let f = 2 - 4. Let z = f - 9. Let r = 1 - z. What is the units digit of r?
2
Let v(c) = 2 + 4*c - 1 + 7. What is the units digit of v(31)?
2
What is the tens digit of -14*1971/(-18) - -8?
4
Let o be ((-22)/(-5))/((-14)/(-35)). Let l = o + 1. Suppose -8 - l = -2*b. What is the units digit of b?
0
Let u = -6 + 8. Suppose 3*j - 60 = -12*j. Suppose j*t = 8, u*p + t - 108 = -t. What is the tens digit of p?
5
What is the hundreds digit of ((-4144)/40)/(2/(-55))?
8
Let k(z) be the second derivative of -z**3/6 - z**2/2 - 19*z. Suppose 0 = -2*d + 2, 5*d = 3*c - 4 + 36. What is the units digit of k(c)?
8
Let z be 2/10 - (-507)/15. Let n = z + -9. What is the units digit of n?
5
Let a be 0*-2*4/16. Let r be (-4)/(-2)*(-3 - a). What is the tens digit of -4 - r - (0 + -19)?
2
What is the tens digit of (16/((-1)/(-1)))/(46/2093)?
2
Suppose 0 = 2*n - 5*t - 120, 5*t + 2 = 4*t. What is the units digit of n?
5
Let y(q) = 5*q + 3*q**2 - q + 5 + q**2 + 4*q**2. What is the units digit of y(-3)?
5
Suppose 1004 = -4*x + 3156. What is the hundreds digit of x?
5
Let d = 3 - 1. Let t(x) = 16*x - 85. Let f(n) = 3*n - 17. Let q(c) = d*t(c) - 11*f(c). What is the units digit of q(12)?
5
Let s(k) = -k**3 - 21*k**2 - 4*k - 18. What is the units digit of s(-22)?
4
Let n be ((-540)/35)/(6/(-105)). Suppose 2*d - 5*i - 96 = 0, 8*d - 3*d - 5*i - n = 0. What is the tens digit of d?
5
Let p be ((-26)/4)/(1/4). What is the units digit of p/(-4)*(3 + 11)?
1
Let p(n) = -n - 1. Let c be p(0). Let h(v) = -66*v + 8. What is the units digit of h(c)?
4
Let i(g) = g**2 + 9*g - 1. Let q be i(-10). Suppose -15 = 4*c - q*c. What is the units digit of c?
3
Let o be 6*(-2 + (-11)/(-3)). Suppose -3*z = -o*z + 84. What is the tens digit of 9/z + 49/4?
1
Let o(p) = p**3 - 4*p**2 + 9*p + 21. What is the tens digit of o(8)?
4
Suppose -2055 - 443 = -2*k. What is the thousands digit of k?
1
Let l = 11 - -25. Suppose -5*z + 3*z = -l. What is the tens digit of (-12)/z - (-32)/3?
1
Let v be 4 + (-4)/((-8)/74). Suppose -s + 11 = -v. What is the units digit of s?
2
Suppose -11*k + 3753 = 849. What is the hundreds digit of k?
2
Let b(f) = f**2 + f - 8. Suppose -q - 3*n + 11 = 0, 2*n + 2*n = -5*q. Let c be b(q). Suppose 0 = -c*u + 85 + 43. What is the units digit of u?
2
Let b = -268 - -544. Let c = b + -115. What is the units digit of c?
1
Suppose -3*q - 2*g = g - 570, 3*g - 9 = 0. Suppose 31 = -3*k + q. What is the units digit of k?
2
Let x = -19 + 22. Suppose 2*h - 281 = -0*h - x*j, 0 = 4*j + 20. What is the hundreds digit of h?
1
Let q(x) = x**3 - 8*x**2 - 63*x + 11. What is the hundreds digit of q(14)?
3
Let l(h) = -h**3 + 11*h**2 + 26*h + 4. Let n be l(13). Suppose -26 = -n*k - 2. What is the units digit of k?
6
Suppose -5*u + 1440 = 4*d - 3145, d = 2*u - 1834. What is the hundreds digit of u?
9
Let p(o) = -2965*o**3 + 8*o**2 - 3*o - 2. What is the thousands digit of p(-1)?
2
Let a(k) = -297*k - 122. What is the tens digit of a(-8)?
5
Let o = -406 - -597. What is the hundreds digit of o?
1
Suppose 2*u + 3*p + 672 = 2201, -4*u = 3*p - 3061. What is the units digit of u?
6
What is the units digit of 3799/(11*(-11)/(-121))?
9
Suppose -i - 4*l - 24 = -5*i, 3*i - l - 8 = 0. Let s(n) = 41*n**2 - n - 1. What is the units digit of s(i)?
9
Let l = -14 - -23. Let z = l + -14. What is the units digit of (-10)/(-25) - 3/z?
1
Suppose 3*f - c = -13, 5*f + 11 = c - 2*c. Let d(x) be the third derivative of x**5/30 - x**4/4 - x**3/6 + x**2. What is the units digit of d(f)?
5
Let q be 72*(20/8 + -2). What is the units digit of ((-6)/(-4))/(q/1464)?
1
Let s(c) be the third derivative of -9*c**4 + 17*c**2. What is the units digit of s(-1)?
6
Suppose -3*g - 770 = -n - 6075, -5*n = -4*g + 7055. What is the thousands digit of g?
1
Suppose -35 = 5*b - 5*l + 15, 2*l = 0. Let u(j) = j**3 + 12*j**2 + 12*j - 14. Let v be u(b). Suppose 0 = z - 3*z + v. What is the units digit of z?
3
Suppose -24*h = -f - 28*h + 569, 5*f = 5*h + 2820. What is the tens digit of f?
6
Let k(d) = 785*d**3 - 8*d**2 + 10*d - 1. What is the tens digit of k(1)?
8
Let l(c) = 2*c**2 + 18*c. Let k be l(-9). Suppose g = -5*w + 206, k = 4*w + g - 11 - 154. What is the units digit of w?
1
Let r be (-8)/(1 + (-1 - (-2)/53)). Let s = r - -482. What is the tens digit of s?
7
What is the units digit of (32/4)/(3/6)?
6
Let z = 20 + 24. Let s = -3 + z. What is the tens digit of s?
4
What is the units digit of (-1378)/(-14) + (-232)/(-406)?
9
Let s(c) = 4*c - 1 - 2 + 2*c**2 - 2*c - c**2. Let a be s(-3). Let b(y) = y + 13. What is the tens digit of b(a)?
1
Let v(l) = 46*l**3 + 4*l**2 - 4*l + 37. What is the thousands digit of v(4)?
3
Suppose 6*j - 4*j - 10 = 0. Suppose 17 - 112 = -j*m. Let r = m + -10. What is the units digit of r?
9
Suppose 2*n = -4*o - 0*o + 266, n = o - 59. What is the tens digit of o/(-6)*(-15)/4?
4
Let t(w) = -31*w - 149. What is the hundreds digit of t(-12)?
2
Let y be (-15)/75 + 362/10. Suppose 2*v - 34 = y. Suppose 105 = 3*h + 2*l, -4*h - 4*l - v = -175. What is the units digit of h?
5
Let i be 2/((-1)/3 + 1). Suppose -i*l + 183 = -3*n, l + 3*n = -2*n + 79. What is the tens digit of ((-12)/(-2))/(12/l)?
3
Let c(d) = d**2 + 5. Let a be c(0). Let t be 4/10 - 127/a. Let x = -6 - t. What is the units digit of x?
9
Let y(b) = -2*b**3 + 4*b**2 + 2*b - 3. Let g be y(3). Let c = g - -21. Suppose 35 = 3*x + c*s - s, 4*x = 3*s + 37. What is the units digit of x?
0
Let i = -162 - -375. What is the units digit of i?